f 4558858515.
3, 5, 2693, 37619
What are the prime factors of 2873720932?
2, 718430233
What are the prime factors of 2657984722?
2, 223, 5959607
List the prime factors of 2149346091.
3, 17, 42144041
What are the prime factors of 212998443?
3, 7, 673, 2153
What are the prime factors of 3724860112?
2, 79, 2946883
What are the prime factors of 101286434?
2, 23, 179, 12301
List the prime factors of 422052374.
2, 1427, 147881
List the prime factors of 2637730356.
2, 3, 31, 7090673
List the prime factors of 9644503.
11, 31, 28283
What are the prime factors of 2780908423?
97, 4937, 5807
What are the prime factors of 390190383?
3, 11, 3941317
What are the prime factors of 407967558?
2, 3, 67994593
List the prime factors of 4673082741.
3, 137, 929, 12239
List the prime factors of 41453603.
31, 83, 16111
List the prime factors of 546051270.
2, 3, 5, 2963, 6143
List the prime factors of 1655651.
307, 5393
List the prime factors of 106474438.
2, 7, 89, 85453
What are the prime factors of 38961485?
5, 7792297
List the prime factors of 37246223.
7, 23, 33049
List the prime factors of 3592573592.
2, 29, 47, 329473
What are the prime factors of 532577966?
2, 83, 223, 14387
List the prime factors of 63614426.
2, 1021, 31153
List the prime factors of 1077517988.
2, 269379497
List the prime factors of 1044035163.
3, 1432147
What are the prime factors of 95875842?
2, 3, 15979307
What are the prime factors of 664906062?
2, 3, 1907, 58111
What are the prime factors of 1426873492?
2, 11, 97, 334319
What are the prime factors of 716374947?
3, 238791649
What are the prime factors of 69761426?
2, 7, 19, 262261
List the prime factors of 4993617.
3, 109, 15271
What are the prime factors of 89676101?
8731, 10271
List the prime factors of 600392345.
5, 7, 23, 31, 491
What are the prime factors of 53025942?
2, 3, 8837657
What are the prime factors of 4318808901?
3, 11, 130872997
What are the prime factors of 50469729?
3, 41, 410323
What are the prime factors of 209512568?
2, 181, 257, 563
What are the prime factors of 2405003804?
2, 7, 17, 5052529
List the prime factors of 179297577.
3, 6640651
What are the prime factors of 78559461?
3, 73, 109, 1097
List the prime factors of 11527075.
5, 7, 199, 331
What are the prime factors of 1955650987?
1103, 1773029
What are the prime factors of 27312170?
2, 5, 47, 58111
What are the prime factors of 2875204763?
79, 36394997
What are the prime factors of 2329107839?
89, 26169751
List the prime factors of 1016082810.
2, 3, 5, 11289809
What are the prime factors of 176597273?
176597273
What are the prime factors of 87684435?
3, 5, 563, 3461
List the prime factors of 908300427.
3, 47, 6441847
What are the prime factors of 35367311?
7, 31, 349, 467
List the prime factors of 1214821737.
3, 47, 2871919
List the prime factors of 4181341.
151, 27691
List the prime factors of 567724266.
2, 3, 31, 461, 2207
List the prime factors of 4095394332.
2, 3, 61, 149, 37549
List the prime factors of 1111004200.
2, 5, 5555021
What are the prime factors of 4711904692?
2, 11, 107088743
What are the prime factors of 7699298?
2, 61, 223, 283
What are the prime factors of 11876908?
2, 691, 4297
List the prime factors of 3982630157.
11, 733, 493939
What are the prime factors of 61194631?
317, 193043
List the prime factors of 1307005180.
2, 5, 13, 67, 75029
List the prime factors of 386528230.
2, 5, 11, 3513893
List the prime factors of 204988845.
3, 5, 67, 203969
What are the prime factors of 1291219221?
3, 2339, 184013
List the prime factors of 373647059.
59, 107339
What are the prime factors of 9234596?
2, 7, 271, 1217
List the prime factors of 123166674.
2, 3, 6842593
What are the prime factors of 497551272?
2, 3, 23, 421, 2141
List the prime factors of 63684722.
2, 293, 108677
What are the prime factors of 237264301?
1051, 225751
What are the prime factors of 752708193?
3, 349, 718919
What are the prime factors of 78972688?
2, 4935793
What are the prime factors of 787457999?
787457999
List the prime factors of 1664758334.
2, 4219, 197293
What are the prime factors of 80787372?
2, 3, 6732281
List the prime factors of 2147027916.
2, 3, 11, 139, 117017
What are the prime factors of 1407966884?
2, 151, 283, 8237
List the prime factors of 325396531.
325396531
List the prime factors of 3922080039.
3, 435786671
What are the prime factors of 2363151?
3, 7, 43, 2617
What are the prime factors of 651482059?
3301, 197359
What are the prime factors of 65140988?
2, 11, 967, 1531
What are the prime factors of 541642517?
13, 41664809
What are the prime factors of 3868780844?
2, 29, 307, 108637
List the prime factors of 160425696.
2, 3, 1671101
List the prime factors of 502016360.
2, 5, 3259, 3851
What are the prime factors of 3389217102?
2, 3, 709, 265571
List the prime factors of 231691118.
2, 5501, 21059
What are the prime factors of 310098762?
2, 3, 47, 366547
What are the prime factors of 35736039?
3, 137, 9661
List the prime factors of 9959562.
2, 3, 553309
What are the prime factors of 736248173?
1433, 513781
What are the prime factors of 99312354?
2, 3, 19, 53, 5479
What are the prime factors of 75268607?
607, 124001
List the prime factors of 91359629.
79, 1156451
List the prime factors of 24060143.
73, 329591
What are the prime factors of 99793326?
2, 3, 199, 83579
What are the prime factors of 1281110992?
2, 7, 11438491
What are the prime factors of 71762846?
2, 35881423
List the prime factors of 134880433.
134880433
List the prime factors of 2489814121.
2489814121
List the prime factors of 66781006.
2, 23, 31, 46831
List the prime factors of 7920834.
2, 3, 19, 69481
What are the prime factors of 4220676980?
2, 5, 13, 1248721
What are the prime factors of 517226225?
5, 20689049
What are the prime factors of 96141852?
2, 3, 139, 19213
What are the prime factors of 302861290?
2, 5, 17, 1781537
What are the prime factors of 48560676?
2, 3, 4046723
List the prime factors of 80723466.
2, 3, 181, 2753
List the prime factors of 186682887.
3, 2304727
What are the prime factors of 253439199?
3, 13, 101, 2383
What are the prime factors of 463544740?
2, 5, 23177237
What are the prime factors of 3373313102?
2, 293, 461, 12487
What are the prime factors of 1131496860?
2, 3, 5, 13, 1450637
What are the prime factors of 178306119?
3, 19811791
What are the prime factors of 2208405237?
3, 23, 32005873
What are the prime factors of 521714631?
3, 241, 721597
What are the prime factors of 35908235?
5, 11, 29, 47, 479
What are the prime factors of 94525820?
2, 5, 31, 152461
What are the prime factors of 136979426?
2, 2729, 25097
What are the prime factors of 419725807?
419725807
List the prime factors of 305752346.
2, 8017, 19069
What are the prime factors of 3013182595?
5, 17, 107, 331301
What are the prime factors of 352783213?
7457, 47309
List the prime factors of 118777126.
2, 13, 61, 74891
What are the prime factors of 18349122?
2, 3, 11, 278017
What are the prime factors of 38307167?
23, 1665529
What are the prime factors of 97191194?
2, 19, 2557663
What are the prime factors of 4220993742?
2, 3, 7, 100499851
List the prime factors of 654823884.
2, 3, 11, 13, 17, 22447
List the prime factors of 248919719.
6577, 37847
List the prime factors of 145825595.
5, 139, 209821
What are the prime factors of 62173068?
2, 3, 313, 16553
What are the prime factors of 821433446?
2, 103, 919, 4339
List the prime factors of 127938186.
2, 3, 7107677
List the prime factors of 119692237.
7, 17098891
What are the prime factors of 7524381647?
103, 73052249
List the prime factors of 1015426320.
2, 3, 5, 17, 248879
What are the prime factors of 27292555?
5, 31, 176081
List the prime factors of 652445595.
3, 5, 79, 223, 823
What are the prime factors of 225491447?
225491447
What are the prime factors of 398794594?
2, 11, 109, 166303
List the prime factors of 419913505.
5, 11, 2347, 3253
What are the prime factors of 48079806?
2, 3, 2083, 3847
List the prime factors of 46150433.
7, 37, 178187
List the prime factors of 36054911.
67, 109, 4937
What are the prime factors of 52196623?
151, 345673
List the prime factors of 53397548.
2, 829, 16103
List the prime factors of 301030261.
7, 37, 1162279
What are the prime factors of 41372121?
3, 7, 431, 653
List the prime factors of 144322325.
5, 7, 824699
L